o. Is o a composite number?
False
Let u = -119339 + 315306. Is u prime?
True
Let o be (18858/(-15) + -2)/(3/(-15)). Let s = -325 + o. Is s prime?
False
Let u(w) = -3040*w. Let g be u(-1). Let f be (0 + 2 - 1) + (g - -1). Let k = f + -1349. Is k composite?
False
Suppose -5*j - 474 = -494. Is -3 - (36/j - 17195) composite?
False
Let s(p) = -p**2 - 12*p - 32. Let y be s(-6). Suppose -z + 12675 = y*h, -4*h + 25362 = 5*z - 3*z. Is z a prime number?
False
Suppose 4*x + 2*f - 788320 = 0, -2*x - 31*f = -26*f - 394184. Is x composite?
False
Suppose -12 = 3*s - 5*s. Suppose -r + s = -5*b, b + 0*r = 2*r + 6. Let j(f) = 141*f**2 - f - 1. Is j(b) a composite number?
True
Suppose -5*i - 1046 = -3221. Suppose i = 5*k - 90. Let o = k - 20. Is o a composite number?
True
Suppose l - 4*y = -15, -60 = l + 4*l - 5*y. Let g(x) = -1349*x + 64. Is g(l) a composite number?
True
Suppose w - 2*w = -l - 796, -w = 2*l - 811. Let i(r) = -2*r**2 + 5*r - 129. Let h be i(-10). Let p = h + w. Is p a composite number?
True
Let o(v) = -50*v**3 + 2*v**2 + 34*v - 14. Let x be o(-10). Suppose 4313 + x = 21*i. Is i a composite number?
False
Is 781874 - (-9 - (0 - 4)) a composite number?
True
Suppose 2*k + 3 - 2 = 5*b, 5*k - 3*b = -12. Let m = 2 + k. Is (-434)/(-3) + -3*m/9 composite?
True
Suppose -t + o = -0*t - 28, t - 2*o = 31. Suppose -5*m = -4*m - t. Let r(z) = 6*z**2 - 35*z + 56. Is r(m) prime?
False
Let m(k) = 1728*k - 192. Let p be m(-14). Let a = -14249 - p. Is a composite?
True
Let c = -916397 - -1552278. Is c a prime number?
False
Is 3/((-6)/(-781434)*27) prime?
False
Suppose 607*s - 3*r - 2515871 = 605*s, -5*r = 3*s - 3773778. Is s a composite number?
False
Suppose -7*v + 270763 = -678528. Is v a prime number?
True
Let w(p) = 608*p + 187. Let g(s) = s**2 - 19*s - 102. Let i be g(-5). Is w(i) composite?
False
Let x(t) = 11740*t + 53. Let b be x(9). Suppose 0 = 23*p + 7894 - b. Is p prime?
True
Let c = 168 - 163. Suppose c*k - 4*n - 20244 = -3*n, -k + 4054 = 5*n. Is k prime?
True
Let g(t) = -t. Let y be g(2). Is (3988 - 4) + y/2 prime?
False
Suppose 16*h - 3366318 = -391694 + 9615792. Is h composite?
False
Let z(v) = -3*v + 22. Let h be z(5). Suppose -h*b + 6*b + 2*g + 1995 = 0, -4*b + 5*g = -7968. Is b a composite number?
False
Let d = -183 + 207. Is (-2 + d/9)/((-8)/(-228)) prime?
True
Suppose -3*s - 173 = 4*b - 0*b, 5*b = -25. Let r = -46 - s. Suppose -3*x = 5*y - 4539 - 1121, 0 = y + r. Is x prime?
False
Suppose -4*g - 64*n = -66*n - 356802, -5*n + 25 = 0. Is g composite?
False
Suppose -2*i - 7 = -3*i. Suppose 0 = -i*f + 11*f - 28. Suppose -f*m = -4*m - 1677. Is m a prime number?
False
Suppose -3*z - 15 + 15 = 0. Suppose -4*r = 3*i - 13, z = -2*r - 4. Suppose -3509 = -18*h + i*h. Is h a composite number?
True
Let i = 1253 + -502. Let b = i + -514. Is b composite?
True
Let v be (-52)/338 - 1972/26. Let f = 58 + v. Let j(d) = -d**3 - 15*d**2 + 44*d - 3. Is j(f) composite?
True
Suppose -11*d = -4*d + 92 - 152461. Is d prime?
True
Let r = -7022 + 7026. Let l be 1/(-1) + (2 - 1). Suppose -r*h + 2*f + 215 + 15 = l, -5*f = -15. Is h prime?
True
Let t = 698 + 31786. Let s = -20077 + t. Is s prime?
False
Let f(c) = c**2 + 5*c - 10. Let n be f(-7). Let g be (-185)/(-30)*412 + (-2)/(-6). Suppose 4*t - 1508 = -4*r + 1036, g = n*r + t. Is r composite?
True
Suppose 23*w + c = 27*w - 7179, 0 = 6*w + c - 10771. Is w a prime number?
False
Suppose d - l = -0*l - 190, 3*l - 12 = 0. Let y = d - -460. Is y a composite number?
True
Let q(u) = -u**2 + 12*u - 6. Let i be q(11). Suppose 14155 = i*s + 2490. Is s a prime number?
True
Suppose -439*l + 443*l = -12, -2*y = 5*l - 587983. Is y composite?
False
Let p(u) = 2*u**3 + 8*u**2 + 5*u + 2. Let l be p(-3). Let a(m) = -4*m**2 + 7*m - 18 + l + 6*m**2 + 5*m**2. Is a(-8) composite?
False
Let a(j) be the first derivative of j**3/3 + 6*j**2 - 11*j - 19. Let z be a(-13). Suppose -z*r - 3244 = -4*o, 4 = r - 0. Is o a composite number?
True
Let q = 249318 + -157675. Is q a prime number?
False
Suppose 2*v = 4*k - 53554, 5*k = 2*v + 27035 + 26520. Let z = v + 39776. Is z prime?
True
Let l(f) = 2*f**3 - f**2 + f + 2. Let t be l(0). Suppose 0 = -t*i - 40 + 42. Suppose -9 = -5*n + i, -5*n = w - 899. Is w a composite number?
True
Let t be 44/(-77)*7/2. Is 26667/(-6)*(t + (-32)/(-24)) a composite number?
False
Let w(k) = -k + 4. Let i be w(-2). Suppose -i*m = m - 28. Suppose r - 4*u - 403 = -u, 3*u = -m*r + 1552. Is r composite?
True
Is -2 - (-16)/(-4) - (-55 + -25454) prime?
False
Suppose b + 277128 = -15*b + 1618904. Is b prime?
False
Suppose -501*q = -1004*q + 493*q + 1029910. Is q a composite number?
True
Suppose 3*b - 209 = -4*o, -43 = -4*b + 3*b + 4*o. Let y = b - 50. Let r(f) = f**3 - 11*f**2 + 3*f + 2. Is r(y) a prime number?
True
Let w(j) be the first derivative of -2*j**2 + 134/3*j**3 - 47*j - 32. Is w(-6) prime?
True
Suppose -5*y + 42*z - 39*z = -145, 2*y + 4*z - 32 = 0. Let l(o) = 2*o**2 + 26*o - 133. Is l(y) prime?
False
Suppose -2*i - 6 + 2 = 0. Is (48414/i)/(-21 - -18) a prime number?
True
Suppose -4*y = -16 - 40. Let f = 39 + y. Is f prime?
True
Suppose -2*k = -6, -31*k + 26*k + 114354 = 3*u. Is u prime?
True
Let p be ((-5214)/(-4))/(6/(-80)*-2). Let y = 15039 - p. Is y prime?
False
Let d be ((-8)/2 - 21/(-6))*0. Suppose d = 4*n - 3*t + 1840, -t = 4*n - 3*n + 453. Let o = 130 - n. Is o composite?
False
Suppose w - 594771 = 4*k - 2441688, 2*k + 2*w - 923456 = 0. Is k a composite number?
True
Let r(u) be the third derivative of u**6/120 - u**5/30 + u**4/24 + 10297*u**3/6 - 9*u**2 - 1. Is r(0) a prime number?
False
Suppose -1 = q, 4*t - 4*q + 419 = q. Is 3*(-20)/(-12) - t a composite number?
True
Suppose -9 - 11 = -10*s. Suppose 4*x + 2372 = 2*z - 9782, -12114 = -s*z - 4*x. Is z composite?
False
Suppose -18*b = 80 - 8. Is (-2)/b*-5591*(-13 - -11) a composite number?
False
Let a = 3901 + 3070. Is a prime?
True
Suppose -4*n - 4241 + 16989 = 0. Suppose -m - 3*h = -n, -2*m + 6352 = -2*h - 3*h. Is m a prime number?
True
Suppose -5*a = 3*g - 22, -4*a = g - 22 + 10. Suppose -g*b - 66996 = -4*z, z - 7956 = -3*b + 8809. Is z prime?
False
Let w(y) = -2*y**2 + 2*y - 3508. Let t(x) = -3*x**2 + 2*x - 3507. Let r(q) = 3*t(q) - 4*w(q). Is r(0) prime?
True
Let h be 308/(11/5 + -2). Suppose h = 4*f + 3*f. Let j = 225 + f. Is j composite?
True
Let t = 171 + -155. Let f(b) = 57*b**2 - 23*b + 49. Is f(t) a prime number?
False
Let c(s) = 2*s**3 - 7*s**2 - 11*s - 9. Let h be c(10). Suppose 13976 = 15*f + h. Is f a prime number?
True
Let p = -5095 + 6476. Is p a composite number?
False
Is (-15)/(-25) + 70639888/220 composite?
False
Let p(q) = 139514*q + 2821. Is p(2) a composite number?
False
Suppose -24*x = -14*x - 20. Let g(w) = w - 2. Let h be g(6). Suppose 3552 = r + 3*r - 4*j, -x*r + 1770 = h*j. Is r prime?
True
Let c be (228/95)/((-4)/16070). Let v = c - -13925. Let w = v + 1040. Is w a composite number?
False
Suppose -3*f + 47270 - 12188 = 0. Suppose 174*q + f = 180*q. Is q a composite number?
False
Let a(g) = -3*g**2 - 3*g. Suppose 5 = -6*w + 5*w. Let m be a(w). Is (-6*268/m)/(1/5) a prime number?
False
Suppose 4*r - u = -376427, 0 = -4*r - r + 3*u - 470532. Let v = -65950 - r. Is v composite?
True
Let a be 6 + 2 + -1 - 5. Suppose -a*y + 18*y = 79792. Is y prime?
True
Let b(g) = 404*g**2 + 5*g + 4. Let i(k) = k**2 + 22*k + 67. Let j be i(-18). Is b(j) prime?
True
Let g(u) = -14*u**3 - 19*u**2 - 31*u - 73. Is g(-20) prime?
True
Suppose 630*u = 631*u + 8. Is -3 + ((-308099)/u - 72/192) a prime number?
False
Let h be -5*2*(-1396530)/236. Let a = h - 23494. Is a prime?
False
Suppose -51*q + 55158 = 3*z - 54*q, 5*z + q - 91960 = 0. Is z a prime number?
False
Suppose 0 = i - 249 - 292. Let w = 802 - i. Suppose q + 3*d - d - w = 0, -d + 1287 = 5*q. Is q a prime number?
True
Let z be ((4 - 0)/12)/(2/132). Let i = -18 + z. Suppose 2*j = i, -4*a + 0*j = j - 1174. Is a composite?
False
Let h = -3043 + 29516. Is h a prime number?
False
Is (10/(120/649986))/(2/4) a composite number?
True
Let h = 11 - -6. Let k(p) = -3*p**2 + 102*p + 66. Let g(d) = d**2 - 34*d - 23. Let t(v) = 8*g(v) + 3*k(v). Is t(h) a prime number?
False
Suppose 0 = 10*h - 116 + 26. Suppose -o - 1 = -0. Is o + 1317/9 - (-6)/h composite?
True
Let p be 5/3 - (-14)/6. Suppose -4*a = 3*i - 15309, -p*a + i 